housands digit of 94045?
9
What is the thousands digit of 5860?
5
What is the hundreds digit of 153?
1
What is the units digit of 552?
2
What is the units digit of 20514?
4
What is the tens digit of 5552?
5
What is the tens digit of 568?
6
What is the thousands digit of 8635?
8
What is the hundreds digit of 7744?
7
What is the ten thousands digit of 66519?
6
What is the hundreds digit of 8026?
0
What is the tens digit of 1090?
9
What is the tens digit of 7388?
8
What is the ten thousands digit of 100859?
0
What is the thousands digit of 21560?
1
What is the units digit of 7193?
3
What is the units digit of 7947?
7
What is the units digit of 5115?
5
What is the tens digit of 982?
8
What is the units digit of 7838?
8
What is the ten thousands digit of 90172?
9
What is the thousands digit of 67372?
7
What is the hundreds digit of 317?
3
What is the hundreds digit of 5951?
9
What is the hundreds digit of 2517?
5
What is the units digit of 51690?
0
What is the tens digit of 7698?
9
What is the units digit of 32737?
7
What is the units digit of 106469?
9
What is the hundreds digit of 1944?
9
What is the units digit of 29289?
9
What is the units digit of 67048?
8
What is the tens digit of 84?
8
What is the units digit of 12997?
7
What is the tens digit of 2940?
4
What is the thousands digit of 2534?
2
What is the units digit of 4697?
7
What is the thousands digit of 2177?
2
What is the units digit of 7604?
4
What is the hundreds digit of 166118?
1
What is the hundreds digit of 22836?
8
What is the ten thousands digit of 21282?
2
What is the units digit of 1425?
5
What is the hundreds digit of 39982?
9
What is the hundreds digit of 67291?
2
What is the thousands digit of 26184?
6
What is the ten thousands digit of 69215?
6
What is the hundreds digit of 4731?
7
What is the thousands digit of 4579?
4
What is the thousands digit of 1380?
1
What is the ten thousands digit of 113818?
1
What is the hundreds digit of 9884?
8
What is the tens digit of 6294?
9
What is the units digit of 14240?
0
What is the hundreds digit of 78185?
1
What is the tens digit of 3138?
3
What is the units digit of 3359?
9
What is the units digit of 17?
7
What is the thousands digit of 22039?
2
What is the tens digit of 488?
8
What is the thousands digit of 12469?
2
What is the hundreds digit of 5514?
5
What is the ten thousands digit of 103339?
0
What is the units digit of 70174?
4
What is the hundreds digit of 896?
8
What is the hundreds digit of 533?
5
What is the units digit of 96419?
9
What is the units digit of 425?
5
What is the hundreds digit of 6141?
1
What is the units digit of 4743?
3
What is the thousands digit of 8577?
8
What is the ten thousands digit of 27544?
2
What is the units digit of 13314?
4
What is the ten thousands digit of 24777?
2
What is the units digit of 45454?
4
What is the ten thousands digit of 53867?
5
What is the thousands digit of 55972?
5
What is the tens digit of 12578?
7
What is the hundreds digit of 4272?
2
What is the thousands digit of 4732?
4
What is the hundreds digit of 913?
9
What is the tens digit of 482?
8
What is the hundreds digit of 1988?
9
What is the units digit of 11121?
1
What is the hundreds digit of 2775?
7
What is the hundreds digit of 7678?
6
What is the thousands digit of 17797?
7
What is the thousands digit of 7106?
7
What is the units digit of 32459?
9
What is the tens digit of 297?
9
What is the hundreds digit of 32330?
3
What is the thousands digit of 22797?
2
What is the hundreds digit of 7481?
4
What is the units digit of 4754?
4
What is the tens digit of 6557?
5
What is the ten thousands digit of 79180?
7
What is the thousands digit of 5859?
5
What is the units digit of 7943?
3
What is the hundreds digit of 9673?
6
What is the thousands digit of 18109?
8
What is the hundreds digit of 1003?
0
What is the ten thousands digit of 26162?
2
What is the units digit of 1535?
5
What is the hundreds digit of 4387?
3
What is the units digit of 977?
7
What is the tens digit of 8150?
5
What is the units digit of 1165?
5
What is the thousands digit of 12041?
2
What is the tens digit of 10940?
4
What is the thousands digit of 14119?
4
What is the thousands digit of 1086?
1
What is the thousands digit of 3803?
3
What is the tens digit of 1261?
6
What is the tens digit of 10240?
4
What is the tens digit of 22381?
8
What is the tens digit of 26103?
0
What is the units digit of 40239?
9
What is the tens digit of 37778?
7
What is the hundreds digit of 939?
9
What is the tens digit of 17574?
7
What is the thousands digit of 4021?
4
What is the hundreds digit of 8810?
8
What is the tens digit of 28754?
5
What is the tens digit of 1293?
9
What is the hundreds digit of 29811?
8
What is the hundreds digit of 93542?
5
What is the thousands digit of 9878?
9
What is the units digit of 65451?
1
What is the tens digit of 7745?
4
What is the hundreds digit of 1256?
2
What is the tens digit of 2787?
8
What is the units digit of 13?
3
What is the tens digit of 1738?
3
What is the tens digit of 701?
0
What is the tens digit of 64319?
1
What is the tens digit of 2643?
4
What is the hundreds digit of 207?
2
What is the ten thousands digit of 44256?
4
What is the tens digit of 3979?
7
What is the thousands digit of 15483?
5
What is the hundreds digit of 3837?
8
What is the hundreds digit of 85588?
5
What is the tens digit of 746?
4
What is the tens digit of 264?
6
What is the hundreds digit of 12577?
5
What is the thousands digit of 2284?
2
What is the thousands digit of 9017?
9
What is the thousands digit of 1412?
1
What is the units digit of 2300?
0
What is the tens digit of 64792?
9
What is the units digit of 400?
0
What is the units digit of 578?
8
What is the hundreds digit of 735?
7
What is the tens digit of 3086?
8
What is the tens digit of 7456?
5
What is the units digit of 1523?
3
What is the tens digit of 6729?
2
What is the thousands digit of 59130?
9
What is the hundreds digit of 9178?
1
What is the tens digit of 204?
0
What is the units digit of 33430?
0
What is the ten thousands digit of 10911?
1
What is the thousands digit of 66484?
6
What is the ten thousands digit of 18450?
1
What is the tens digit of 6709?
0
What is the thousands digit of 9938?
9
What is the units digit of 234?
4
What is the hundreds digit of 3553?
5
What is the units digit of 15853?
3
What is the tens digit of 100?
0
What is the tens digit of 54304?
0
What is the thousands digit of 18372?
8
What is the units digit of 12?
2
What is the ten thousands digit of 83060?
8
What is the ten thousands digit of 97194?
9
What is the hundreds digit of 84528?
5
What is the hundreds digit of 8518?
5
What is the tens digit of 19843?
4
What is the hundreds digit of 4279?
2
What is the thousands digit of 65318?
5
What is the hundreds digit of 74611?
6
What is the ten thousands digit of 134689?
3
What is the hundreds digit of 27527?
5
What is the hundreds digit of 3507?
5
What is the hundreds digit of 55242?
2
What is the thousands digit of 5998?
5
What is the units digit of 74013?
3
What is the units digit of 115?
5
What is the thousands digit of 92482?
2
What is the hundreds digit of 14515?
5
What is the tens digit of 8882?
8
What is the tens digit of 413?
1
What is the units digit of 19994?
4
What is the hundreds digit of 100?
1
What is the units digit of 3749?
9
What is the thousands digit of 3008?
3
What is the thousands digit of 40452?
0
What is the units digit of 102454?
4
What is the units digit of 29100?
0
What is the thousands digit of 10795?
0
What is the hundreds digit of 21661?
6
What is the units digit of 2997?
7
What is the tens digit of 2198?
9
What is the units digit of 4695?
5
What is the units digit of 3335?
5
What is the ten thousands digit of 41432?
4
What is the units digit of 6592?
2
What is the tens digit of 676?
7
What is the tens digit of 76023?
2
What is the units digit of 2813?
3
What is the hundred thousands digit of 200803?
2
What is the units digit of 37641?
1
What is the hundreds digit of 15057?
0
What is the tens digit of 1388?
8
What is the tens digit of 14303?
0
What is the units digit of 49340?
0
What is the thousands digit of 34703?
4
What is the thousands digit of 42645?
2
What is the thousands digit of 45851?
5
What is the tens digit of 42950?
